**3 + 5*r**2 - 6*r + 1. Give t(a).
-7
Let d(k) = -4*k**2 - 25*k - 7. Let s be d(-6). Let f(g) = 4*g**2 + 2*g + 1. Calculate f(s).
3
Let i(u) = -u**2 - u. Let y(f) = -10*f**2 - 6*f + 1. Let t(q) = 6*i(q) - y(q). Let x = -96 + 105. Suppose 8*j + x*j = 17. Give t(j).
3
Let r(f) = -2*f - 1. Let n(p) = -3*p + 8. Let y(q) = q - 3. Let x(t) = -4*n(t) - 11*y(t). Let c(k) = -2*r(k) - 3*x(k). What is c(-6)?
-7
Let l(y) = -y - 5. Let r(q) = -1. Let f(w) = l(w) - 5*r(w). Give f(0).
0
Let g(n) = -4*n - n**2 + 0*n**3 - 1 - 3*n**3 + 3*n. Let z(c) = c**2 - 3*c + 1. Let b be z(4). Suppose 3*x - 24 + 2 = b*q, -3*x - 4*q = 23. Determine g(x).
2
Let i(k) be the first derivative of 9*k + 1/6*k**4 - 1/3*k**3 + 7 - k**2. Let f(d) be the first derivative of i(d). Give f(3).
10
Let q(p) = 23 - 11 - 3*p - p**3 + 2*p**2 - 9. Give q(2).
-3
Let x(t) = t**3 + 3*t**2 + t + 15. Let s be x(-4). Let w(f) = -4*f + 2*f + 4*f + f + 3. Give w(s).
-12
Let d(g) = -g**2 - 6*g - 1. Let a be d(-4). Suppose 2 = -6*l + a*l. Let o(k) = -2*k - k**2 - 2*k**2 + 2 + k**l. Calculate o(-2).
-2
Suppose 0 = 13*l - 15*l + 12. Let d(w) be the first derivative of -w**4/4 + 2*w**3 + w**2 - 6*w + 2. What is d(l)?
6
Let o(u) = -2*u**3 - 7*u**2 + u + 4. Let q(f) = -f**2 + 5*f - 7. Let y be q(4). Calculate o(y).
-8
Let h(s) be the first derivative of 0*s - 1/4*s**4 - 2*s**3 + 0*s**2 + 2 + 1/60*s**5. Let o(r) be the third derivative of h(r). Calculate o(6).
6
Let d(v) = 5*v. Let m = 56 - 52. Suppose t = -o - 2, m + 2 = -2*o. Give d(t).
5
Let f be 11/(-2) - 36/24. Let v be (f/5)/(3/(-15)). Let d(a) be the third derivative of -a**6/120 + a**5/10 + 7*a**4/24 + 5*a**3/6 + 3*a**2. What is d(v)?
5
Let a(f) = -f - 5. Let s(c) = -c**2 - 1. Let v(b) = -a(b) + 6*s(b). Let k(n) = 2*n + 21. Let h be k(-10). Calculate v(h).
-6
Let v(w) = w**3 + w**2 + w. Let k be 4/(-1 - (-36)/28). Suppose -3*p = -k - 4. Suppose -5*i - 14 = 2*t, -i = 4*i - 2*t + p. Calculate v(i).
-6
Let m(s) = -s - 3. Let c be 22/33*(1 + 2). Suppose -c*t + 6*t = -40. Let j be (-36)/15 + t/(-25). Determine m(j).
-1
Let m(w) = 13*w**2 - 13*w + 53. Let n(p) = -7*p**2 + 7*p - 27. Let i(x) = 6*m(x) + 11*n(x). Determine i(0).
21
Let b(h) = 9*h**2 - 2*h + 1. Let r = -21 - -21. Suppose -1 + r = -y. What is b(y)?
8
Let w(v) be the first derivative of v**4/4 - 5*v**3/3 + 165. Calculate w(4).
-16
Suppose -3*s + 325 = -8*s. Let m = -66 - s. Let i(k) be the first derivative of k**2/2 + k - 1. Determine i(m).
0
Let b be 5 + 1 + 18 + -20. Let i(q) = -q**2 + 2*q - 4. What is i(b)?
-12
Let w(l) = 2 + 3 + 2*l - 3 - 1. Let z be -1 + -4 - 36/(-9). Give w(z).
-1
Let j(r) = -11*r**2 - 1. Let v be 1 - 1 - (-3 - -1). Suppose -12*i + 10 = -v*i. Determine j(i).
-12
Let a(s) = -s**2 + 9*s + 9. Let y be a(7). Let l(v) = 8*v - 19. Let n be l(0). Let m = n + y. Let b(r) = r**3 - 4*r**2 - 3*r. What is b(m)?
-12
Suppose 0*s - 7 = -s. Let r(p) = -3*p + 18. Let w be r(s). Let g(l) = l**2 - 1. Calculate g(w).
8
Let l = -52 + 54. Let o(d) = -d - 2 + 2*d - l*d - 9. What is o(-5)?
-6
Suppose 3*k - 27 = 3*m, -k + 4 = m + 5. Let c(v) = v**3 + 7*v**2 + 8*v - 8. Determine c(m).
2
Let j(a) = a**3 + 7*a**2 + 5*a - 1. Let x(u) = u**2 + u - 1. Let i(p) = -j(p) - x(p). Suppose -150*b - 14 = -148*b. Calculate i(b).
-5
Let c be 2/(-8) + 30/24. Let n(b) = b + 7 - 4 + c. Let i = -18 + 11. What is n(i)?
-3
Suppose 2*o + 3*o + 2*q - 15 = 0, -2*o + 4*q = -6. Let z(a) be the second derivative of -2*a + 0 + 1/3*a**o + a**2. What is z(-3)?
-4
Suppose -2*k - 86 + 30 = 0. Let r = k - -37. Let f(g) = -g**3 + 8*g**2 + 7*g + 12. Give f(r).
-6
Let b(x) = -4 + 1035*x - 1025*x - 1 - x**2. Suppose 0 = 3*g - 26 - 4. Calculate b(g).
-5
Let c(n) = -2 + 4*n**2 + 4*n - 3*n**2 - 7*n. Suppose -18 = -4*z - 2*i, -4 + 7 = -3*z + 4*i. Give c(z).
-2
Suppose 0*n - 5*n = 15. Suppose -12 = -g - g - t, -3*g - 2*t + 20 = 0. Let w(q) = -g*q - 2 - 4*q**3 + 2*q**2 + 5*q**3 - 1 + 4. What is w(n)?
4
Let z be 8 - (-4)/((-8)/6). Let f be (z + -3 - 1)*8. Let g(l) = 6 - f*l**2 - 4*l + 2*l**2 - l**3 - l + 4*l. What is g(-6)?
12
Let z(c) be the first derivative of -c**2/2 + 7*c + 212. Calculate z(6).
1
Suppose 3*s + 0*s = 0. Let l(w) = -6 + 0*w + 4*w - 5*w + 3. What is l(s)?
-3
Let o(w) = -4*w + 0 - 3 + 3*w + 1. Let n(g) be the third derivative of g**4/24 + 2*g**3/3 - 8*g**2. Let s be n(-9). Calculate o(s).
3
Suppose -2*p - 136 = -142. Let t(b) be the third derivative of -b**5/40 - b**4/24 - b**3/3 - 2*b**2. Let i(k) be the first derivative of t(k). Calculate i(p).
-10
Let i(v) = 2*v**2 - 2*v + 2. Let b(l) = l**3 - 5*l**2 - 4*l - 5. Let c be b(6). Suppose 10*n - c = 13. What is i(n)?
6
Let v be 31/11 + 18/99. Suppose v = -2*f + 1. Let d be -4*f/4*-1. Let b(w) = -4*w**2. Determine b(d).
-4
Let h(y) = -7 + y**3 - 75*y + 3 + 10*y**2 + 24*y + 39*y. Determine h(-11).
7
Let t(v) = -14*v + 15*v - 15 - 2*v. Let o = -4 + 1. Let l be (-3 - o)/(4 + -2). Determine t(l).
-15
Let k = 31 - 19. Let b = 13 - k. Let j(y) = 11 - b - 8*y - 2*y**2 - 2 + 3*y**2. Give j(6).
-4
Suppose -2*c + 3*c = 5*y - 29, 5*c = -20. Let l(z) = -2*z + 3*z + 5*z + 1 - z**3 + y*z**2 + 1. Determine l(6).
2
Let d = 14 + -6. Let p(j) = 7*j**2 - j - 4*j + 3 - d*j**2. What is p(-6)?
-3
Let q(z) = -2*z**3 - z**2 + z - 14. Let f = 1835 - 1835. Give q(f).
-14
Let t(n) = -n**3 + 9*n**2 + 10*n - 1. Let x be (0 - 1) + (-11)/(-1). Let g be t(x). Let v(d) = -423 + 3*d**3 + 422 - 6*d**3 - d. Calculate v(g).
3
Let r(v) be the third derivative of 0 + v**2 + v**3 - 1/8*v**4 + 0*v. Suppose 10*l - 6*l = 24. What is r(l)?
-12
Let f(j) be the first derivative of j**3/3 + 4*j**2 - 26. Calculate f(-7).
-7
Let u(v) = -91 - 85 + 258 - 3*v - 93. Determine u(-5).
4
Suppose -3*m + 6 = -0. Let o be (2*(2 - 0))/m. Let r(z) = 4*z + 1 + 8*z - 2*z**2 - 9*z - z - 3*z. What is r(o)?
-9
Let u(f) = f**3 - f**2 + 2. Let b be u(0). Let z(w) be the third derivative of w**4/8 + w**3/3 - w**2. Give z(b).
8
Let t(b) be the third derivative of b**6/120 - b**5/10 + b**4/12 - 2*b**3/3 - 46*b**2 - 2. Give t(6).
8
Let y(o) = o. Let s(r) = 4*r**3 + 7*r**2 - 2*r + 13. Let b(q) = -s(q) - 3*y(q). Let i(z) = 5*z**3 + 7*z**2 + z + 14. Let h(g) = 4*b(g) + 3*i(g). Give h(-7).
-3
Suppose 0 = 2*a - 3*y - 2*y - 2, 5*a - 28 = y. Let i(f) = -2*f + 15. Let j be i(a). Let h(g) = 3*g + 1 + 0*g + j*g**2 - g**2. Calculate h(-2).
3
Let g(l) = -l - 3. Let u(b) = -b**2 + 10*b - 14. Let n be u(7). Suppose n*v + 6 + 22 = 0. Determine g(v).
1
Let t be (-7 + -1)*(-7 - -4). Suppose 0*n + 4*b = n - 8, 3*n + 3*b = t. Let c(a) = a**2 - 9*a + 1. What is c(n)?
-7
Let v = 28 - 19. Let g(f) = -9*f + 4*f**2 + f + v*f - f**3. Let j = -2 - -6. What is g(j)?
4
Let n(d) = -d**2 - 4*d - 3. Let r(u) = 9*u + 7. Let s be r(2). Suppose 0 = 58*f - 63*f - s. Give n(f).
-8
Let i(k) = -3*k + 4129 + k - 4142. What is i(-13)?
13
Let x be 2 + -5 - -1*7. Suppose 5*q + 10 = -5*v, -3*v + x*q = 2*v + 1. Let k(p) = -5*p + 2*p - 3*p. Determine k(v).
6
Let p be ((-4)/3)/(1/(-3)). Let h(r) = -r**2 + 4*r + 4. Let t be h(p). Let i(m) be the second derivative of m**4/12 - m**3/2 + m**2 + 6*m. What is i(t)?
6
Let m(n) be the third derivative of -1/60*n**5 + 1/3*n**3 - 12*n**2 - 1/120*n**6 + 0 + 5/24*n**4 + 0*n. Suppose -y - 5 + 2 = 0. What is m(y)?
5
Let v(b) = 31706*b**2 + 11 - 31700*b**2 - 11. Let j = -9 + 5. Let f = j - -3. Give v(f).
6
Let s(p) = -2*p - 477*p**2 - 13 + 14 + 478*p**2. Let w be (-8)/(-3) - 8/12. Let o = -4 + w. Determine s(o).
9
Let r = 3 - 3. Let w(x) = -7*x + 14. Let z(f) = -19*f + 43. Let d(o) = -8*w(o) + 3*z(o). What is d(r)?
17
Suppose -4*q + 9*q = 2*b - 20, b - q - 7 = 0. Let z(o) = -2*o. Let h(m) = -m. Let d(w) = b*z(w) - 12*h(w). Determine d(-5).
-10
Let f(t) = t**2 + t + 1. Let y be 7/(-7)*(-1 - 0). Let h(v) = 4*v**2 - 6*v + 4. Let s(d) = y*h(d) - 3*f(d). Suppose 4*k - 42 + 18 = 0. Give s(k).
-17
Let i(k) = -k**3 - 4*k**2 + 7*k - 1. Let w(a) = a**2 + 4*a - 27. Let n be w(5). Suppose -3 + n = -3*f. Determine i(f).
-11
Let h(c) be the second derivative of 5*c**3/6 + 3*c**2 + 611*c. What is h(-6)?
-24
Suppose -y + 8 = 3*y. Let v(n) be the first derivative of 3*n**2 + 35. What is v(y)?
12
Let g(z) be the third derivative of -z**7/2520 - 7*z**6/720 - z**5/20 - 2*z**4/3 + 3*z**2. Let l(b) be the second derivative of g(b). Determine l(-5).
4
Let l(a) = a**2 + 6*a +